?
1
Let k(u) be the first derivative of -u**4/4 + 4*u**3/3 - 2*u**2 + 5*u - 114. Let m = 3 - -1. Suppose -b + m*b - 12 = 0. Give k(b).
-11
Let a be (-66)/(-55) + 95/25. Let m(q) = q**3 - 4*q**2 - 2*q - 3. Determine m(a).
12
Suppose -5*z + 4*h + 6 = 0, 3*z - 4*z - 2*h = -4. Let b(f) = 20*f - 8. Let k = -3 - 6. Let d(x) = 5*x - 2. Let n(j) = k*d(j) + 2*b(j). Give n(z).
-8
Let y(n) = 9*n - 234 + 29*n + 236 - 8*n. What is y(-1)?
-28
Let m(f) = -f - 2*f + 8 - 69. Let b be m(-20). Let a(n) = 9*n - 1. Determine a(b).
-10
Let o(r) = -r**2 - 13*r - 10. Let j be o(-12). Let v(g) = 3*g**j + 13 + 1847*g - 1836*g - 2*g**2. Give v(-9).
-5
Let a(f) = -f**3 + 3 + 5 - 3 + 7 - 4 + 8*f**2 + 8*f. Determine a(9).
-1
Let w = 1 + -4. Let o = -99 - -102. Let j(t) = -1 - 119*t**2 - o + 120*t**2. Determine j(w).
5
Let v(t) = 111*t - 44 + 43 - 108*t. Determine v(-5).
-16
Let o(m) = 4*m + 58. Let f(y) = -y - 18. Let q(r) = -7*f(r) - 2*o(r). What is q(8)?
2
Let r(n) = -16*n**2 + 30*n - 12. Let s(c) = -3*c**2 + 6*c - 2. Let u(i) = -2*r(i) + 11*s(i). What is u(7)?
-5
Let n(g) = -g + 2. Let k(r) = -r**3 + 10*r**2 - 19*r + 28. Let z be k(8). Let q be 29/2 - 2/(-4). Suppose -3*o + q = -0*o, -3*p + z*o + 1 = 0. Calculate n(p).
-5
Suppose 0 = -2*z + 3 - 11. Let m(d) be the third derivative of d**6/120 + d**5/15 + d**4/24 - 6*d**2. Calculate m(z).
-4
Let v(y) be the first derivative of y**3/3 + 7*y**2/2 + y - 45. Determine v(-5).
-9
Let p = 26 - 20. Let z(n) = n - 13. What is z(p)?
-7
Let c(w) = -5*w**2 + 2*w - 1. Let a be 32/(-56)*14/(-4). Suppose -2*u + 4*v = 6, -4*v - a = -u - 5. Let y(b) = -b**2 - 6*b - 8. Let h be y(u). Calculate c(h).
-4
Let c(v) = -11*v - 12 - 13*v + 28*v. Determine c(8).
20
Suppose 4*y + 5*i + 18 = 43, 2*y - 9 = i. Let j(k) = -k**3 - 4*k**2 + 7*k - 4. Let l(h) = h**3 - h**2 - h. Let a(b) = j(b) + 2*l(b). Calculate a(y).
-4
Let p = -2 + 1. Let b(c) = 13 + 18 - 7*c**2 - 45 + 13. What is b(p)?
-8
Let v(p) = 0*p**2 - 5*p**2 - 2*p + 8*p + 19*p**2 + 18 + p**3 - 5*p. What is v(-14)?
4
Let w(h) be the third derivative of h**6/120 + h**5/12 - h**4/8 + h**3/3 - 73*h**2. Determine w(-6).
-16
Suppose -2*y + 5*s + 12 = -4*y, -24 = -2*y + 4*s. Suppose -j - j - 11 = 5*f, 0 = -y*j - 5*f - 17. Let x(k) = 2*k**2 + 3*k - 2. Determine x(j).
7
Let l(p) = p**2 + 12*p + 11. Suppose 3*j + 0 = -27. Determine l(j).
-16
Let c = -99 - -135. Let j = c + -37. Let m(d) = -9*d + 1. Give m(j).
10
Let w = -184 + 182. Let b(q) = -q - 4. What is b(w)?
-2
Let i(s) be the first derivative of s**3/3 + 2*s**2 - 10*s + 13. Suppose 2*x - g + 26 = 2*g, -4 = -g. Give i(x).
11
Let u(b) be the third derivative of b**5/60 - b**4/24 + b**3/3 + 24*b**2. Let v(m) = -m - 5. Let x be v(-5). Calculate u(x).
2
Let i(r) = r**2 - 6*r + 3. Let f(k) be the first derivative of k**3/3 - 2*k**2 + 4*k + 32. Let o be f(0). Determine i(o).
-5
Let v = -37 + 36. Let w(k) = -10*k**3 + 6*k**2 + 6*k + 5. Let y(l) = -l**2 - l - 1. Let j be (2 + 2)*(-2)/2. Let f(q) = j*y(q) + v*w(q). Give f(-1).
-11
Suppose 3 = -0*z - 4*z + 5*l, -8 = -z + 3*l. Let n(p) = -4*p + 8. Determine n(z).
36
Let c(u) = -u**3 + 5*u**2 - 3*u + 1. Suppose -2*y = 5*s - 15 - 10, 4*s - 17 = -y. What is c(y)?
-14
Let u(y) = y**3 + 6*y**2 + 5. Suppose j = p - 1, -4*p + 13 = -3*j + p. Let d(s) = -s**3 + 4*s**2 - 2*s + 2. Let x be d(j). What is u(x)?
5
Let g(m) = -m**2 + m + 4. Let f(w) = -2*w**2 + 2 + 0*w**3 - w**3 + 2*w**3 - 2*w. Let i be f(3). Suppose -5*j - 10 = -i*u + 5, -3*j - 5*u = -15. Calculate g(j).
4
Let n(q) = 83 - 90 - 62*q**2 + 5*q + 56*q**2. Give n(2).
-21
Let z be 2 - (4 + (-4 - 19)). Let r = z - 25. Let n(a) = 2*a - 2. Let g(s) = 5*s - 5. Let o(j) = -3*g(j) + 8*n(j). What is o(r)?
-5
Let d(w) = -45 + 14 - 3 + 1 + 4*w + 5. What is d(7)?
0
Let f(w) = 2897*w + 2 - 2898*w + 13. Give f(8).
7
Let h(m) = -m + 1. Let z(p) = -13*p + 7. Let l(v) = -6*h(v) + z(v). What is l(2)?
-13
Let t(a) = -4*a**2 + 4*a - 4. Let y(i) = -9*i**2 + 9*i - 9. Let b(h) = -7*t(h) + 3*y(h). Let u(m) = -5*m**2 + m - 15. Let p(f) = -6*b(f) - u(f). Give p(8).
-15
Let l = 22 + 2. Suppose 3*h + l = -3*h. Let a(t) = t**2 + 6*t + 5. Give a(h).
-3
Suppose 7*x - 2*x + 150 = 3*d, 3*x - 50 = -d. Suppose -d = 35*m - 40*m. Let h(j) = -m*j + 2 + 11*j - 1. Give h(1).
2
Let k(g) = -5*g + 1. Let q(c) = 57*c - 407. Let z be q(7). Give k(z).
41
Let n(k) = 80*k + 242. Let o be n(-3). Let u(z) = z**2 + 4. Give u(o).
8
Let s(u) be the second derivative of u**4/12 + 7*u**3/6 - 2*u**2 + 2*u + 3. Calculate s(-9).
14
Let a(l) be the second derivative of l**4/12 - 11*l**3/6 + 6*l**2 - 25*l. Give a(9).
-6
Let z(t) = t**3 - 4*t**2 - 3*t - 8. Let k be z(5). Let x(p) = 3*p + 0*p - 47 + 48 - p**k. Calculate x(3).
1
Suppose 33 = -0*r - 3*r - w, -5*w - 55 = 4*r. Let k(u) = -2 + u**3 + 2*u + 10*u**2 + 0*u + 13 - u. Let p be k(r). Let y(a) = 5*a**2. Determine y(p).
5
Let v(x) = -x**2 + x + 7. Let y(p) = p**3 + 3*p**2 - 5*p + 1. Let k be y(-4). Suppose 3*m - k*d + 10 = 0, 3*m - 6 = -3*d - 0. What is v(m)?
7
Let v(l) be the first derivative of -l**4/4 - 7*l**3/3 - 9*l**2/2 - 9*l - 54. Suppose 2*b + 5*x = -b + 7, 4*x - 20 = 0. Calculate v(b).
9
Let q(u) = -7*u**2 - 7*u + 1. Let l(h) = 15*h**2 + 16*h - 1. Let m(j) = 2*l(j) + 5*q(j). Determine m(1).
-5
Let h(n) = n**3 + 5*n**2 + 4*n + 2. Let i(k) = k - 7. Let m(j) = -j**3 + 5*j**2 - 3*j. Let d be m(4). Let r be i(d). Calculate h(r).
8
Let x(g) be the second derivative of g**4/6 + 3*g**3/2 - g**2 + 188*g. Give x(-7).
33
Let c be 0 + (21 - (0 + -4)). Let v(z) = 5*z + 6 - 50*z**2 - z + 24*z**2 + c*z**2. Give v(6).
-6
Let c(i) = 12*i**3 - i**2. Let s be ((-4)/1 + 3)*0. Suppose 0 = -s*x + x + 1. Determine c(x).
-13
Let d(z) = z**3 - 10 - 1 - 10 - 9*z**2 + 16. Determine d(9).
-5
Let x(m) be the third derivative of m**4/6 + 7*m**3/6 + 134*m**2. Calculate x(5).
27
Suppose -4*x = 0, 3*d + 2 = 4*d - x. Let l(n) = 9 - n**2 - 3*n**d + 0*n - n + 5*n**2. Give l(0).
9
Let o(m) = m**2 + 4*m - 43. Let s be o(-9). Suppose 0 + 3 = -h, -5*k = 5*h - 155. Let r(x) = 38*x - k*x + x**s - 1 - 4. Determine r(-4).
-5
Let m(u) = u - 2. Suppose 2*i - 46 = 4*i. Let p = i - -25. Give m(p).
0
Let g(f) = -12*f**3 - f - 1. Let i = 773 - 774. Give g(i).
12
Let a(d) = 17*d + 13. Let j(i) = 9*i + 7. Let f = 15 + -9. Let r(y) = f*a(y) - 11*j(y). Give r(-4).
-11
Let t(k) = -k**3 + k**2 + k + 1. Let h(n) = 7*n**3 - 12*n**2 - 5*n - 1. Let u be 0 - (4 + 2/1). Let x(w) = u*t(w) - h(w). What is x(6)?
-11
Let w(s) be the second derivative of s**4/12 - s**3 - s**2/2 + 33*s. Calculate w(6).
-1
Let j(l) = l**3 - 3*l**2 - 4*l + 4. Let p(x) be the second derivative of 7*x**3/6 + x**2 + 2*x. Let o be p(-4). Let u be (-74)/o - (-8)/52. Give j(u).
-8
Let t(x) = -x**3 + 4*x**2 + x - 1. Suppose 3*r = -0*r - 5*p + 12, 4*r - 45 = 3*p. Let d be (-3)/(-3*3/r). Give t(d).
11
Let c(w) = 3*w**3 - w**2 + 1. Let i(z) = 8*z**3 - 10*z**2 - 6*z + 6. Let h(p) = 3*c(p) - i(p). Calculate h(-5).
17
Let h(w) = w**3 - 11*w**2 + 11*w - 5. Let u(p) = 5*p**2 + 7*p - 14. Let c be u(-3). What is h(c)?
5
Let t(g) = -5*g**2 - 5*g + 2. Let l(b) = b**2 + 4*b + 5*b - 3*b - 5*b - 1. Let x(w) = 4*l(w) + t(w). Determine x(-3).
-8
Let m be (-76)/342 + (-7)/9. Let h(g) = 22*g - 5. Let z(y) = 99*y - 22. Let f(o) = -22*h(o) + 5*z(o). Determine f(m).
-11
Let s be 6/14 + 48/280*-20. Let d(w) = 2*w + 3. Determine d(s).
-3
Let d(c) = c**2 - 3*c + 2. Let o be d(6). Suppose t + j = -3*t - o, 0 = -j. Let f(b) = -2*b + 3. What is f(t)?
13
Let x(g) = 23*g + 4. Let b(y) = -50*y - 9. Let k(h) = -6*b(h) - 13*x(h). Calculate k(2).
4
Let v(o) = 2*o - 6. Let m(b) = 13*b**3 + 11*b**2 + 4*b - 3. Let s(k) = -7*k**3 - 6*k**2 - 2*k + 2. Let d(u) = 6*m(u) + 11*s(u). Let l be d(0). Determine v(l).
2
Let z(m) be the third derivative of 1/24*m**4 - 1/60*m**5 + 1/120*m**6 + 8*m**2 + 0*m + 0 + 5/6*m**3. What is z(0)?
5
Suppose 12*p + 168 = 8*p. Let d be 54/8 + p/56. Let m(q) = 0*q**2 + d - q - 2*q + q**2 - 3*q. Give m(5).
1
Let q(h) be the first derivative of -h**4/4 + h**3/3 + h**2/2 - 3*h - 5. Determine q(3).
-18
Let o(z) = z**3 + 7*z**2 + 9*z + 6. Suppose -4*x - 3*j = -x + 30, -20 = 4*x - j. Determine o(x).
-12
Let b be (-4)/38 + 177/57 + -2. Let i(o) = -4*o**3 - 2*o**2 - o + 2. Calculate i(b).
-5
Let m(a) = -a**2 + 7*a + 7. Let s be m(8). Let c(p) be the second derivativ